{"id":5360,"date":"2017-04-11T19:38:54","date_gmt":"2017-04-11T18:38:54","guid":{"rendered":"http:\/\/www.mcmotylek.cz\/?page_id=5360"},"modified":"2017-05-27T23:13:08","modified_gmt":"2017-05-27T22:13:08","slug":"velikonoce-2017","status":"publish","type":"page","link":"http:\/\/www.mcmotylek.cz\/?page_id=5360","title":{"rendered":"2017"},"content":{"rendered":"<ul class=\"ngg-breadcrumbs\">\n    <\/ul>\n<div class=\"ngg-albumoverview\">\t\n\t<!-- List of galleries -->\n\t\n\t<div class=\"ngg-album\">\n\t\t<div class=\"ngg-albumtitle\"><a href=\"http:\/\/www.mcmotylek.cz\/index.php\/nggallery\/2017\/Poh\u00e1dkov\u00fd-les-\u010derven-2017?page_id=5360\">Poh\u00e1dkov\u00fd les \u010derven 2017<\/a><\/div>\n\t\t\t<div class=\"ngg-albumcontent\">\n\t\t\t\t<div class=\"ngg-thumbnail\">\n\t\t\t\t\t<a href=\"http:\/\/www.mcmotylek.cz\/index.php\/nggallery\/2017\/Poh\u00e1dkov\u00fd-les-\u010derven-2017?page_id=5360\"><img class=\"Thumb\" alt=\"Poh\u00e1dkov\u00fd les \u010derven 2017\" src=\"http:\/\/www.mcmotylek.cz\/wp-content\/gallery\/Poh%C3%A1dkov%C3%BD-les-%C4%8Derven-2017\/cache\/IMG_7548.JPG-nggid042016-ngg0dyn-240x160x100-00f0w010c011r110f110r010t010.JPG\"\/><\/a>\n\t\t\t\t<\/div>\n\t\t\t\t<div class=\"ngg-description\">\n\t\t\t\t<p><\/p>\n\t\t\t\t\t\t\t\t<p class=\"ngg-album-gallery-image-counter\"><strong>19<\/strong>&nbsp;Fotky<\/p>\n\t\t\t\t\t\t\t<\/div>\n\t\t<\/div>\n\t<\/div>\n\n \t\n\t<div class=\"ngg-album\">\n\t\t<div class=\"ngg-albumtitle\"><a href=\"http:\/\/www.mcmotylek.cz\/index.php\/nggallery\/2017\/Velikonoce-2017?page_id=5360\">Velikonoce 2017<\/a><\/div>\n\t\t\t<div class=\"ngg-albumcontent\">\n\t\t\t\t<div class=\"ngg-thumbnail\">\n\t\t\t\t\t<a href=\"http:\/\/www.mcmotylek.cz\/index.php\/nggallery\/2017\/Velikonoce-2017?page_id=5360\"><img class=\"Thumb\" alt=\"Velikonoce 2017\" src=\"http:\/\/www.mcmotylek.cz\/wp-content\/gallery\/Velikonoce-2017\/cache\/IMG_4053.JPG-nggid041946-ngg0dyn-240x160x100-00f0w010c011r110f110r010t010.JPG\"\/><\/a>\n\t\t\t\t<\/div>\n\t\t\t\t<div class=\"ngg-description\">\n\t\t\t\t<p><\/p>\n\t\t\t\t\t\t\t\t<p class=\"ngg-album-gallery-image-counter\"><strong>22<\/strong>&nbsp;Fotky<\/p>\n\t\t\t\t\t\t\t<\/div>\n\t\t<\/div>\n\t<\/div>\n\n \t\n\t<div class=\"ngg-album\">\n\t\t<div class=\"ngg-albumtitle\"><a href=\"http:\/\/www.mcmotylek.cz\/index.php\/nggallery\/2017\/Den-pro-maminky-1?page_id=5360\">Den pro maminky<\/a><\/div>\n\t\t\t<div class=\"ngg-albumcontent\">\n\t\t\t\t<div class=\"ngg-thumbnail\">\n\t\t\t\t\t<a href=\"http:\/\/www.mcmotylek.cz\/index.php\/nggallery\/2017\/Den-pro-maminky-1?page_id=5360\"><img class=\"Thumb\" alt=\"Den pro maminky\" src=\"http:\/\/www.mcmotylek.cz\/wp-content\/gallery\/Den-pro-maminky-1\/cache\/IMG_0641.JPG-nggid041970-ngg0dyn-240x160x100-00f0w010c011r110f110r010t010.JPG\"\/><\/a>\n\t\t\t\t<\/div>\n\t\t\t\t<div class=\"ngg-description\">\n\t\t\t\t<p><\/p>\n\t\t\t\t\t\t\t\t<p class=\"ngg-album-gallery-image-counter\"><strong>48<\/strong>&nbsp;Fotky<\/p>\n\t\t\t\t\t\t\t<\/div>\n\t\t<\/div>\n\t<\/div>\n\n \t\n\t<div class=\"ngg-album\">\n\t\t<div class=\"ngg-albumtitle\"><a href=\"http:\/\/www.mcmotylek.cz\/?page_id=5360\">MTND 2017<\/a><\/div>\n\t\t\t<div class=\"ngg-albumcontent\">\n\t\t\t\t<div class=\"ngg-thumbnail\">\n\t\t\t\t\t<a href=\"http:\/\/www.mcmotylek.cz\/?page_id=5360\"><img class=\"Thumb\" alt=\"MTND 2017\" src=\"http:\/\/www.mcmotylek.cz\/wp-content\/gallery\/mtnd-2017\/cache\/22140877_1223271857818220_1949151127366962534_n.jpg-nggid042058-ngg0dyn-240x160x100-00f0w010c011r110f110r010t010.jpg\"\/><\/a>\n\t\t\t\t<\/div>\n\t\t\t\t<div class=\"ngg-description\">\n\t\t\t\t<p><\/p>\n\t\t\t\t\t\t\t\t<p class=\"ngg-album-gallery-image-counter\"><strong>6<\/strong>&nbsp;Fotky<\/p>\n\t\t\t\t\t\t\t<\/div>\n\t\t<\/div>\n\t<\/div>\n\n \t\n\t<div class=\"ngg-album\">\n\t\t<div class=\"ngg-albumtitle\"><a href=\"http:\/\/www.mcmotylek.cz\/index.php\/nggallery\/2017\/Hra\u010dkov\u00e1n\u00ed-venku-17.10.?page_id=5360\">Hra\u010dkov\u00e1n\u00ed venku 17.10.<\/a><\/div>\n\t\t\t<div class=\"ngg-albumcontent\">\n\t\t\t\t<div class=\"ngg-thumbnail\">\n\t\t\t\t\t<a href=\"http:\/\/www.mcmotylek.cz\/index.php\/nggallery\/2017\/Hra\u010dkov\u00e1n\u00ed-venku-17.10.?page_id=5360\"><img class=\"Thumb\" alt=\"Hra\u010dkov\u00e1n\u00ed venku 17.10.\" src=\"http:\/\/www.mcmotylek.cz\/wp-content\/gallery\/hrackovani-venku-17-10\/cache\/IMG_3136.JPG-nggid042036-ngg0dyn-240x160x100-00f0w010c011r110f110r010t010.JPG\"\/><\/a>\n\t\t\t\t<\/div>\n\t\t\t\t<div class=\"ngg-description\">\n\t\t\t\t<p><\/p>\n\t\t\t\t\t\t\t\t<p class=\"ngg-album-gallery-image-counter\"><strong>17<\/strong>&nbsp;Fotky<\/p>\n\t\t\t\t\t\t\t<\/div>\n\t\t<\/div>\n\t<\/div>\n\n \t\n\t<div class=\"ngg-album\">\n\t\t<div class=\"ngg-albumtitle\"><a href=\"http:\/\/www.mcmotylek.cz\/index.php\/nggallery\/2017\/Tvo\u0159en\u00ed-ZOUBKY?page_id=5360\">Tvo\u0159en\u00ed ZOUBKY<\/a><\/div>\n\t\t\t<div class=\"ngg-albumcontent\">\n\t\t\t\t<div class=\"ngg-thumbnail\">\n\t\t\t\t\t<a href=\"http:\/\/www.mcmotylek.cz\/index.php\/nggallery\/2017\/Tvo\u0159en\u00ed-ZOUBKY?page_id=5360\"><img class=\"Thumb\" alt=\"Tvo\u0159en\u00ed ZOUBKY\" src=\"http:\/\/www.mcmotylek.cz\/wp-content\/gallery\/tvoreni-zoubky\/cache\/DSCN2769.JPG-nggid042053-ngg0dyn-240x160x100-00f0w010c011r110f110r010t010.JPG\"\/><\/a>\n\t\t\t\t<\/div>\n\t\t\t\t<div class=\"ngg-description\">\n\t\t\t\t<p>Kdo chce zdrav\u00e9 zuby m\u00edt,\r\nmus\u00ed si je vy\u010distit.\r\nJeden zoubek, druh\u00fd, t\u0159et\u00ed,\r\n\u010dist\u00ed si je v\u0161echny d\u011bti!\r\nTe\u010f se ...(jm\u00e9no d\u00edt\u011bte) chlub\u00ed,\r\njak m\u00e1 \u010dist\u00e9 zuby!<\/p>\n\t\t\t\t\t\t\t\t<p class=\"ngg-album-gallery-image-counter\"><strong>5<\/strong>&nbsp;Fotky<\/p>\n\t\t\t\t\t\t\t<\/div>\n\t\t<\/div>\n\t<\/div>\n\n \t \t\n\t<!-- Pagination -->\n \t<div class='ngg-clear'><\/div> \t\n<\/div>\n\n\n","protected":false},"excerpt":{"rendered":"","protected":false},"author":31,"featured_media":5364,"parent":50,"menu_order":9,"comment_status":"closed","ping_status":"closed","template":"","meta":{"ngg_post_thumbnail":0,"_mc_calendar":[]},"post_mailing_queue_ids":[],"_links":{"self":[{"href":"http:\/\/www.mcmotylek.cz\/index.php?rest_route=\/wp\/v2\/pages\/5360"}],"collection":[{"href":"http:\/\/www.mcmotylek.cz\/index.php?rest_route=\/wp\/v2\/pages"}],"about":[{"href":"http:\/\/www.mcmotylek.cz\/index.php?rest_route=\/wp\/v2\/types\/page"}],"author":[{"embeddable":true,"href":"http:\/\/www.mcmotylek.cz\/index.php?rest_route=\/wp\/v2\/users\/31"}],"replies":[{"embeddable":true,"href":"http:\/\/www.mcmotylek.cz\/index.php?rest_route=%2Fwp%2Fv2%2Fcomments&post=5360"}],"version-history":[{"count":5,"href":"http:\/\/www.mcmotylek.cz\/index.php?rest_route=\/wp\/v2\/pages\/5360\/revisions"}],"predecessor-version":[{"id":5538,"href":"http:\/\/www.mcmotylek.cz\/index.php?rest_route=\/wp\/v2\/pages\/5360\/revisions\/5538"}],"up":[{"embeddable":true,"href":"http:\/\/www.mcmotylek.cz\/index.php?rest_route=\/wp\/v2\/pages\/50"}],"wp:featuredmedia":[{"embeddable":true,"href":"http:\/\/www.mcmotylek.cz\/index.php?rest_route=\/wp\/v2\/media\/5364"}],"wp:attachment":[{"href":"http:\/\/www.mcmotylek.cz\/index.php?rest_route=%2Fwp%2Fv2%2Fmedia&parent=5360"}],"curies":[{"name":"wp","href":"https:\/\/api.w.org\/{rel}","templated":true}]}}