{"id":9589,"date":"2023-09-18T12:47:19","date_gmt":"2023-09-18T11:47:19","guid":{"rendered":"https:\/\/www.mcmotylek.cz\/?page_id=9589"},"modified":"2026-02-02T09:34:39","modified_gmt":"2026-02-02T08:34:39","slug":"miniskolicka","status":"publish","type":"page","link":"http:\/\/www.mcmotylek.cz\/?page_id=9589","title":{"rendered":"Mini\u0161koli\u010dka"},"content":{"rendered":"\n<p>pond\u011bl\u00ed 8:30-10:00 ka\u017ed\u00fd SUD\u00dd t\u00fdden<\/p>\n\n\n\n<p>vedouc\u00ed krou\u017eku: Kamila \u0160romov\u00e1<\/p>\n\n\n\n<p>Zacvi\u010d\u00edme si, zazp\u00edv\u00e1me si, pohrajeme si. Dopoledne pro batolata zam\u011b\u0159en\u00e1 na hrubou i jemnou motoriku, u\u010den\u00ed se \u017eit\u00ed v kolektivu a spole\u010dnosti \u00fam\u011brn\u011b k v\u011bku, ale v\u0161echno s maminkou a jen kdy\u017e se n\u00e1m bude cht\u00edt \ud83d\ude42<\/p>\n\n\n\n<p><\/p>\n\n\n\n<p>V r\u00e1mci Mini\u0161koli\u010dky je tak\u00e9 mo\u017en\u00e9 vyu\u017e\u00edt slu\u017ebu Hl\u00edd\u00e1\u010dku, tedy jednor\u00e1zov\u00e9ho pohl\u00edd\u00e1n\u00ed d\u00edtka. Tuto slu\u017ebu je nutn\u00e9 si p\u0159edem rezervovat na tel. \u010d\u00edsle: 607 745 433 (Kamila \u0160romov\u00e1).<\/p>\n\n\n\n<figure class=\"wp-block-image size-large\"><img loading=\"lazy\" width=\"724\" height=\"1024\" src=\"https:\/\/www.mcmotylek.cz\/wp-content\/uploads\/2025\/10\/Miniskolicka-724x1024.jpg\" alt=\"\" class=\"wp-image-9854\" srcset=\"http:\/\/www.mcmotylek.cz\/wp-content\/uploads\/2025\/10\/Miniskolicka-724x1024.jpg 724w, http:\/\/www.mcmotylek.cz\/wp-content\/uploads\/2025\/10\/Miniskolicka-212x300.jpg 212w, http:\/\/www.mcmotylek.cz\/wp-content\/uploads\/2025\/10\/Miniskolicka-768x1086.jpg 768w, http:\/\/www.mcmotylek.cz\/wp-content\/uploads\/2025\/10\/Miniskolicka-1086x1536.jpg 1086w, http:\/\/www.mcmotylek.cz\/wp-content\/uploads\/2025\/10\/Miniskolicka-1448x2048.jpg 1448w, http:\/\/www.mcmotylek.cz\/wp-content\/uploads\/2025\/10\/Miniskolicka.jpg 1587w\" sizes=\"(max-width: 724px) 100vw, 724px\" \/><\/figure>\n","protected":false},"excerpt":{"rendered":"<p>pond\u011bl\u00ed 8:30-10:00 ka\u017ed\u00fd SUD\u00dd t\u00fdden vedouc\u00ed krou\u017eku: Kamila \u0160romov\u00e1 Zacvi\u010d\u00edme si, zazp\u00edv\u00e1me si, pohrajeme si. Dopoledne pro batolata zam\u011b\u0159en\u00e1 na hrubou i jemnou motoriku, u\u010den\u00ed se \u017eit\u00ed v kolektivu a spole\u010dnosti \u00fam\u011brn\u011b k v\u011bku, ale v\u0161echno s maminkou a jen kdy\u017e se n\u00e1m bude cht\u00edt \ud83d\ude42 V r\u00e1mci Mini\u0161koli\u010dky je tak\u00e9 mo\u017en\u00e9 vyu\u017e\u00edt slu\u017ebu Hl\u00edd\u00e1\u010dku, [&hellip;]<\/p>\n","protected":false},"author":36,"featured_media":0,"parent":41,"menu_order":1,"comment_status":"closed","ping_status":"closed","template":"","meta":{"ngg_post_thumbnail":0,"_mc_calendar":[]},"post_mailing_queue_ids":[],"_links":{"self":[{"href":"http:\/\/www.mcmotylek.cz\/index.php?rest_route=\/wp\/v2\/pages\/9589"}],"collection":[{"href":"http:\/\/www.mcmotylek.cz\/index.php?rest_route=\/wp\/v2\/pages"}],"about":[{"href":"http:\/\/www.mcmotylek.cz\/index.php?rest_route=\/wp\/v2\/types\/page"}],"author":[{"embeddable":true,"href":"http:\/\/www.mcmotylek.cz\/index.php?rest_route=\/wp\/v2\/users\/36"}],"replies":[{"embeddable":true,"href":"http:\/\/www.mcmotylek.cz\/index.php?rest_route=%2Fwp%2Fv2%2Fcomments&post=9589"}],"version-history":[{"count":4,"href":"http:\/\/www.mcmotylek.cz\/index.php?rest_route=\/wp\/v2\/pages\/9589\/revisions"}],"predecessor-version":[{"id":9923,"href":"http:\/\/www.mcmotylek.cz\/index.php?rest_route=\/wp\/v2\/pages\/9589\/revisions\/9923"}],"up":[{"embeddable":true,"href":"http:\/\/www.mcmotylek.cz\/index.php?rest_route=\/wp\/v2\/pages\/41"}],"wp:attachment":[{"href":"http:\/\/www.mcmotylek.cz\/index.php?rest_route=%2Fwp%2Fv2%2Fmedia&parent=9589"}],"curies":[{"name":"wp","href":"https:\/\/api.w.org\/{rel}","templated":true}]}}

Miniškolička

<p>pondělí 8:30-10:00 každý SUDÝ týden</p>



<p>vedoucí kroužku: Kamila Šromová</p>



<p>Zacvičíme si, zazpíváme si, pohrajeme si. Dopoledne pro batolata zaměřená na hrubou i jemnou motoriku, učení se žití v kolektivu a společnosti úměrně k věku, ale všechno s maminkou a jen když se nám bude chtít 🙂</p>



<p></p>



<p>V rámci Miniškoličky je také možné využít službu Hlídáčku, tedy jednorázového pohlídání dítka. Tuto službu je nutné si předem rezervovat na tel. čísle: 607 745 433 (Kamila Šromová).</p>



<figure class="wp-block-image size-large"><img loading="lazy" width="724" height="1024" src="https://www.mcmotylek.cz/wp-content/uploads/2025/10/Miniskolicka-724x1024.jpg" alt="" class="wp-image-9854" srcset="http://www.mcmotylek.cz/wp-content/uploads/2025/10/Miniskolicka-724x1024.jpg 724w, http://www.mcmotylek.cz/wp-content/uploads/2025/10/Miniskolicka-212x300.jpg 212w, http://www.mcmotylek.cz/wp-content/uploads/2025/10/Miniskolicka-768x1086.jpg 768w, http://www.mcmotylek.cz/wp-content/uploads/2025/10/Miniskolicka-1086x1536.jpg 1086w, http://www.mcmotylek.cz/wp-content/uploads/2025/10/Miniskolicka-1448x2048.jpg 1448w, http://www.mcmotylek.cz/wp-content/uploads/2025/10/Miniskolicka.jpg 1587w" sizes="(max-width: 724px) 100vw, 724px" /></figure>

<p>pondělí 8:30-10:00 každý SUDÝ týden vedoucí kroužku: Kamila Šromová Zacvičíme si, zazpíváme si, pohrajeme si. Dopoledne pro batolata zaměřená na hrubou i jemnou motoriku, učení se žití v kolektivu a společnosti úměrně k věku, ale všechno s maminkou a jen když se nám bude chtít 🙂 V rámci Miniškoličky je také možné využít službu Hlídáčku, [&hellip;]</p>
